v. Suppose -10 = v*b - 12*b. Calculate s(b).
7
Suppose -7*c + 14*c + 812 = 0. Let x = c - -117. Let r(o) = 9*o**3 - o**2 - 2*o + 2. Calculate r(x).
8
Let x(t) be the third derivative of 2*t**5/15 - 7*t**4/4 + 4*t**3/3 - 4*t**2 + 6. Let h be x(5). Let u(f) = -4*f**2 - 4*f - 3. What is u(h)?
-11
Let q be ((-3)/(-2))/((-217)/(-28) + -7). Let a be 0/(2 + -6) - (-6)/q. Let l(i) = -i**2 + 4*i + 1. Calculate l(a).
4
Let q(g) = g**3 - 5*g**2 - 16*g - 5. Suppose -1380*t + 1377*t + 51 = -5*y, -3*t + 3*y + 39 = 0. Give q(t).
-19
Let m(v) = 12*v - 47*v + 17*v + 15*v - 14 - 14. What is m(-14)?
14
Let v(b) be the first derivative of -3*b**2/2 + 16*b - 473. Calculate v(3).
7
Let v(o) = -11*o**2 - 8*o + 1. Let x(a) = -8*a**2 - 6*a. Let s(i) = -4*v(i) + 5*x(i). Determine s(2).
16
Let m(j) = 8*j. Let g(c) = 29*c**2 - c**3 - 274*c - 3 + 114*c - 52 + 108*c. Let l be g(27). Calculate m(l).
-8
Suppose 3*v = -468 + 558. Let x(q) = -v*q + 39*q - q**2 - 6*q. What is x(6)?
-18
Let h(c) = -15*c**3 - 4*c**2 - 62*c + 8. Let j(a) = -2*a**3 - a**2 - 8*a - 1. Let o(y) = h(y) - 7*j(y). Determine o(4).
-25
Let h(g) = g**2 - 3*g - 4. Suppose -23*w + 41*w = 40*w + 88. Calculate h(w).
24
Let j(k) = k**3 - 10*k**2 + 12*k - 19. Let z = 1313 + -1304. Determine j(z).
8
Let c(l) = 12 - 83*l**2 - 56*l - 81*l**2 - 80*l**2 + 328*l**2 - 82*l**2. Give c(28).
12
Let y(g) = -19*g**2 + 12 - 2246*g**3 + 14*g**2 + 2245*g**3 + 1. Determine y(-6).
49
Let h(y) = -y**2 + y. Let q(n) = 4*n**2 - 3*n + 1. Let o(u) = -3*h(u) - q(u). Let l(r) = -5*r + 8. Let j be l(2). Determine o(j).
-5
Let f(s) = -15*s**2 + 4*s. Let r(w) = -14*w**2 + 3*w. Suppose 4*t + 22 = 3*i, 4*i - 9 + 1 = 0. Let k(u) = t*f(u) + 5*r(u). What is k(1)?
-11
Suppose -v + 25 = 5*d, 4*v + 0 = d + 16. Let r = 25 - d. Let g(z) = -2*z**2 - z**3 + 10 + z - r + 8. Calculate g(-3).
3
Let q(g) = -6*g - 12. Suppose u - 5*z = -14, 0 = -4*z + 263 - 255. Give q(u).
12
Let c(j) be the second derivative of -j**4/12 + 4*j**3/3 - 7*j**2/2 - 1522*j. Let t(i) = 5*i - 3. Let h be t(2). Determine c(h).
0
Let y(p) = -18*p**2 + 22*p**2 - 586*p**3 + 585*p**3 + 66*p**2 + 66 - 73*p + 210. Calculate y(69).
0
Let h(r) be the first derivative of -1/4*r**4 + 7*r - 3*r**2 + 32 - 7/3*r**3. Let a(d) = 2*d + 18. Let t be a(-12). Calculate h(t).
7
Let n(o) = -4*o + 7. Let w(p) = 24 - 12*p - 36 + 15*p + 4*p. Let h(b) = 10*n(b) + 6*w(b). What is h(-3)?
-8
Let w(r) = -70*r**2 + 3*r - 2 + 1 + 72*r**2 - 6*r + 0. Calculate w(-1).
4
Let m(t) = -12938 + 12975 - 19*t**2 + 2*t + t**3 - 2*t**3. What is m(-19)?
-1
Let v(q) = -q**2 + 3*q + 10. Let j(o) = -o**3 - 19*o**2 - 38*o - 63. Let r be j(-17). Give v(r).
0
Let u(p) = p**2 + 5*p + 1. Let a(o) = -o**2 - 4*o - 1. Suppose -k - 2*k + 6 = 0. Let g(c) = k*u(c) + 3*a(c). Let j(s) = 37*s + 923. Let x be j(-25). Give g(x).
-1
Let c(u) be the first derivative of -u**3 + u**2 - 4*u - 3428. Give c(5).
-69
Suppose -4*x - 20 = 0, -2*a + 2*x + 41 = 5*x. Suppose a = -2*c + 2*n, 7*n - 9*n = 4*c + 86. Let p(g) = g + 25. What is p(c)?
6
Let x(k) be the third derivative of 7*k**5/60 + 79*k**4/24 + 7*k**3/2 - 537*k**2 + 3. What is x(-11)?
-1
Suppose -1856*o + 1880*o - 72 = 0. Let n(t) = t**3 - t**2 - 4*t - 6. Determine n(o).
0
Suppose x = 3*l - 24, x - 15 = -3*l - x. Let o(p) = 13. Let d(y) = -2*y - 5. Let i(s) = -d(s) - o(s). What is i(l)?
6
Let o be 98 + 1 - (3 + 1). Suppose 28*x - 241 = o. Let u(b) = b - 13. What is u(x)?
-1
Let m be 4*7 - (-679 + 660). Let v(n) = 4*n**2 - 186*n - 87. Calculate v(m).
7
Suppose -201*p - 1428 + 423 = 0. Let a(b) = 2*b**2 + 4*b. Give a(p).
30
Let m(z) = -3*z**2 - 10*z**3 + 4*z**2 + 49107 - 49107. What is m(-1)?
11
Let i(v) = 8*v - 9. Let m be (-3)/(5 + (-2382)/480). Let y be (-4 + m/(-15))*9/2. What is i(y)?
39
Let y(w) be the third derivative of w**6/60 - 53*w**5/30 - w**4/8 + 163*w**3/6 + 2882*w**2. What is y(53)?
4
Let r(y) = -y**3 + 5*y**2 - 12. Let p = -2272 + 2277. Determine r(p).
-12
Let n = -15 + 24. Suppose -n*k + 6*k + 12 = 0. Let p(g) = g**2 - g + 1. Let z(q) = -3*q**2 + 4*q. Let t(h) = -2*p(h) - z(h). What is t(k)?
6
Let g(r) = r**2 + 1. Let h(k) = -6*k**2 - k + 1. Let t(c) = -5*g(c) - h(c). Suppose 0 = 4*f + z - 27, -3*f - 5*z + 57 = z. Determine t(f).
24
Let d = 3179 + -12715/4. Let u(x) be the first derivative of -12 - 4/3*x**3 + 5/2*x**2 - d*x**4 - 5*x. Calculate u(-5).
-5
Suppose 2*y = 5*r - 11 - 19, 3*r - 5*y = 18. Let c(z) = -146 - 7*z + 31 - z**3 - 29*z**2 + 110 + 37*z**2. Calculate c(r).
25
Let o(h) = h + 0*h - 2*h**3 + 2 + 5*h**3. Let k(b) = -b**3 - 130*b**2 + 1252*b + 138. Let a be k(-139). Calculate o(a).
-2
Let i(l) = -11*l + 27. Suppose -61*x = -59*x - 16. Let u(t) = 4*t - 9. Let w(n) = x*u(n) + 3*i(n). Determine w(8).
1
Suppose 5*c - 11 = -21. Let w(l) be the second derivative of l**5/20 + l**4/12 + l**3/3 + l**2/2 + 28*l. Determine w(c).
-7
Let i = 97 + -68. Suppose 5*n - 39 = -i. Let k(c) be the first derivative of -2*c**3/3 + c**2/2 + c - 1. Determine k(n).
-5
Let n(m) be the second derivative of 0 - 7/24*m**4 + 4*m - 8*m**2 - 1/3*m**3. Let s(b) be the first derivative of n(b). Calculate s(-4).
26
Suppose -5*u + 2*t + 4 = -3*u, -4*t = 3*u - 6. Suppose -2*b - 7 = -4*o + 183, 2*o - 90 = u*b. Let x(i) = -o - i**2 + 28 + i + 0*i + 25. What is x(4)?
-9
Let s(v) = 3*v**2 + v - 1. Suppose 5*z = -3*g + 172, -3*z + g - 7 + 99 = 0. Suppose -b + z = b. Suppose -5*u - 3*l - b = 0, 0 = l + 2 - 0. What is s(u)?
9
Let j = 77 - 72. Let v be (-8)/(-2) - (j - 11). Let b(w) = 6*w + w**2 + 25 - 9 - v. Calculate b(-6).
6
Let u(y) = 12*y - 14. Suppose 110*v - 114*v + 28 = 3*j, -2*v = -j - 4. Calculate u(v).
34
Let u(y) = -87*y**2 + 43*y - 218. Let c(h) = 26*h**2 - 14*h + 72. Let x(i) = 10*c(i) + 3*u(i). Calculate x(-13).
40
Let t(z) = -z + 7. Let w = -34 + -28. Let f = 11 - w. Let j = -67 + f. Calculate t(j).
1
Let b(p) be the third derivative of p**5/60 + p**4/12 - 17*p**3/6 + 95437*p**2. Let r(c) = c**2 + 4*c + 3. Let h be r(-3). Give b(h).
-17
Let g(z) = z**3 + 4*z**2 + 3*z + 1. Let h = -33 + 52. Let w(f) = -f**2 + 19*f + 2. Let x be w(h). Suppose -u + x*m + 2 = 1, -4*m = -4*u - 4. Give g(u).
1
Suppose 3 = -4*m - w + 2, -m - 2*w = 2. Suppose m*k - 20 = -5*k. Let q(b) = 2*b + 5*b**2 - b**3 - 3 + 13*b + 3*b + 1 - 22*b. What is q(k)?
-2
Let r = -29 + 24. Let p(m) be the first derivative of m**4/4 + 7*m**3/3 + 5*m**2/2 + 607. Give p(r).
25
Suppose 0*m + 15 = 3*m - 2*u, 5*m + 4*u - 3 = 0. Let a be 4*(m - 1 - 1). Let k(x) = x - 2. Calculate k(a).
2
Suppose -4*r = -2*r. Suppose 10 = -2*j + 3*l, 3*j - 7*l + 1 = -6*l. Let u = r - j. Let t(f) = 7*f**3 - f - 1. What is t(u)?
-7
Let w(d) = d - 13. Let j(b) be the second derivative of -4*b**3/3 + 133*b**2 - 22*b - 1. Let a be j(32). Give w(a).
-3
Let k(n) = n**3 + 12*n**2 + n + 9. Let d be k(-12). Let m be 12/d*(22/4 + -4). Let w(h) = -h**3 - 5*h**2 + 5*h - 6. Calculate w(m).
0
Let q(j) = -5*j - 9. Let i = -288 + 283. Let p be 0 - 3 - 9 - i. Give q(p).
26
Let g(b) = 25. Let k(x) = x - 28. Let l(u) = 2*g(u) + 2*k(u). What is l(10)?
14
Let d be 10962/119 + -4 - 2/17. Suppose 6*p + 5*p = -d. Let q(j) = -j**2 - 7*j + 6. Calculate q(p).
-2
Let n(o) = -o**3 + 4*o**2 + 5*o - 5. Suppose -17 - 79 = -2*j. Suppose -5*u - u = -j. Let d = 13 - u. What is n(d)?
-5
Let k(i) = -i**3 + 2*i**2 + 2*i + 3. Let d(f) be the first derivative of -3*f**2/2 + f + 117. Let c be d(-1). What is k(c)?
-21
Let v(p) = -14*p**3 - p**2 - 7*p + 1. Let h(d) = 5*d**3 + 2*d. Let i(n) = -17*h(n) - 6*v(n). Suppose 84*s - 3*j - 10 = 80*s, -2*s - 3*j + 32 = 0. Give i(s).
1
Suppose 0 = -5*a + 4*f - 6, 0 = a - 2*a + 5*f - 18. Let u(g) = a*g + 6 + 4*g**2 + g**3 - 6*g + 2*g + 0*g**2. Give u(-5).
-9
Let t(o) be the first derivative of o**4/4 + 2*o**3 - 7*o**2 + 22*o - 2004. Determine t(-8).
6
Let z(m) = 70*m**3 - m**2 - 215*m**3 + 1 + 74*m**3 + 70*m**3. What is z(-1)?
1
Suppose 292*h - 392 = -357*h - 1690. Let p(a) = -3*a + 8. Let f(d) = 5*d - 15. Let o(k) = 4*f(k) + 7*p(k). What is o(h)?
-2
Let s = 72 - 68. Suppose -10 = -s*f + 10. Let h(v) = v**3 + 0*v**3 + 2*v + 2 + 4*v**2 + f - 6. Give h(-3).
4
Let i(g) be the third derivative of g**6/120 - 2*g**5/15 - 3*g**4/8 + g**3/6 - g**2. Let p = -51510 + 51519. What is i(p)?
1
Let d(q) = q**2 - 3*q + q**3 + 339 - q + 5*q - 251. What is d(0)?
88
Let s = 108 - 183. 